{"id":5227,"date":"2019-12-11T10:08:16","date_gmt":"2019-12-11T12:08:16","guid":{"rendered":"http:\/\/www.casadomarceneiroavare.com.br\/loja\/?post_type=product&#038;p=5227"},"modified":"2019-12-11T10:08:16","modified_gmt":"2019-12-11T12:08:16","slug":"mtx-pinador-pneumatico-574109","status":"publish","type":"product","link":"https:\/\/casadomarceneiroavare.com.br\/site\/produto\/mtx-pinador-pneumatico-574109\/","title":{"rendered":"MTX PINADOR PNEUMATICO 574109"},"content":{"rendered":"<p>Caracter\u00edsticas<\/p>\n<p>Pinador pneum\u00e1tico de 10 a 50 mm de capacidade de 100 pregos, modelo 574109 qualidade MTX.<br \/>\nA pistola pneum\u00e1tica MTX possui compartimento com capacidade de 100 pregos \u00e9 projetado para a fixa\u00e7\u00e3o r\u00e1pida e confi\u00e1vel de pisos de madeira, madeira compensada, MDF, placa de gesso, couro, tecido e papel para superf\u00edcies de madeira. Para pinos de 10 \u00e0 50 mm.<\/p>\n<p>Informa\u00e7\u00f5es T\u00e9cnicas<\/p>\n<p>&#8211; Para pinos de 10 \u00e0 50 mm;<br \/>\n&#8211; R\u00e1pida Fixa\u00e7\u00e3o dos pregos;<br \/>\n&#8211; Capacidade: 100 Pregos;<br \/>\n&#8211; Dimens\u00f5es: 27(A) x 24,5(C) cm;<br \/>\n&#8211; Encaixe conector: 1\/4&#8243;<br \/>\n&#8211; Peso bruto: 1,120Kg.<\/p>\n<p>&nbsp;<\/p>\n","protected":false},"excerpt":{"rendered":"<p>Caracter\u00edsticas Pinador pneum\u00e1tico de 10 a 50 mm de capacidade de 100 pregos, modelo 574109 qualidade MTX. A pistola pneum\u00e1tica MTX possui compartimento com capacidade de 100 pregos \u00e9 projetado para a fixa\u00e7\u00e3o r\u00e1pida e confi\u00e1vel de pisos de madeira, madeira compensada, MDF, placa de gesso, couro, tecido e papel para superf\u00edcies de madeira. Para&#8230;<\/p>\n","protected":false},"featured_media":5228,"comment_status":"open","ping_status":"closed","template":"","meta":{"inline_featured_image":false},"yoast_head":"<!-- This site is optimized with the Yoast SEO plugin v21.7 - https:\/\/yoast.com\/wordpress\/plugins\/seo\/ -->\n<title>MTX PINADOR PNEUMATICO 574109 - Casa do Marceneiro - Home Center<\/title>\n<meta name=\"robots\" content=\"index, follow, max-snippet:-1, max-image-preview:large, max-video-preview:-1\" \/>\n<link rel=\"canonical\" href=\"https:\/\/casadomarceneiroavare.com.br\/site\/produto\/mtx-pinador-pneumatico-574109\/\" \/>\n<meta property=\"og:locale\" content=\"pt_BR\" \/>\n<meta property=\"og:type\" content=\"article\" \/>\n<meta property=\"og:title\" content=\"MTX PINADOR PNEUMATICO 574109 - Casa do Marceneiro - Home Center\" \/>\n<meta property=\"og:description\" content=\"Caracter\u00edsticas Pinador pneum\u00e1tico de 10 a 50 mm de capacidade de 100 pregos, modelo 574109 qualidade MTX. A pistola pneum\u00e1tica MTX possui compartimento com capacidade de 100 pregos \u00e9 projetado para a fixa\u00e7\u00e3o r\u00e1pida e confi\u00e1vel de pisos de madeira, madeira compensada, MDF, placa de gesso, couro, tecido e papel para superf\u00edcies de madeira. Para...\" \/>\n<meta property=\"og:url\" content=\"https:\/\/casadomarceneiroavare.com.br\/site\/produto\/mtx-pinador-pneumatico-574109\/\" \/>\n<meta property=\"og:site_name\" content=\"Casa do Marceneiro - Home Center\" \/>\n<meta property=\"og:image\" content=\"https:\/\/casadomarceneiroavare.com.br\/site\/wp-content\/uploads\/2019\/12\/pinador-pneumatico-para-pinos-de-10-50mm-mtx-574109.jpg\" \/>\n\t<meta property=\"og:image:width\" content=\"867\" \/>\n\t<meta property=\"og:image:height\" content=\"1004\" \/>\n\t<meta property=\"og:image:type\" content=\"image\/jpeg\" \/>\n<meta name=\"twitter:card\" content=\"summary_large_image\" \/>\n<script type=\"application\/ld+json\" class=\"yoast-schema-graph\">{\"@context\":\"https:\/\/schema.org\",\"@graph\":[{\"@type\":\"WebPage\",\"@id\":\"https:\/\/casadomarceneiroavare.com.br\/site\/produto\/mtx-pinador-pneumatico-574109\/\",\"url\":\"https:\/\/casadomarceneiroavare.com.br\/site\/produto\/mtx-pinador-pneumatico-574109\/\",\"name\":\"MTX PINADOR PNEUMATICO 574109 - Casa do Marceneiro - Home Center\",\"isPartOf\":{\"@id\":\"https:\/\/casadomarceneiroavare.com.br\/site\/#website\"},\"datePublished\":\"2019-12-11T12:08:16+00:00\",\"dateModified\":\"2019-12-11T12:08:16+00:00\",\"breadcrumb\":{\"@id\":\"https:\/\/casadomarceneiroavare.com.br\/site\/produto\/mtx-pinador-pneumatico-574109\/#breadcrumb\"},\"inLanguage\":\"pt-BR\",\"potentialAction\":[{\"@type\":\"ReadAction\",\"target\":[\"https:\/\/casadomarceneiroavare.com.br\/site\/produto\/mtx-pinador-pneumatico-574109\/\"]}]},{\"@type\":\"BreadcrumbList\",\"@id\":\"https:\/\/casadomarceneiroavare.com.br\/site\/produto\/mtx-pinador-pneumatico-574109\/#breadcrumb\",\"itemListElement\":[{\"@type\":\"ListItem\",\"position\":1,\"name\":\"Home\",\"item\":\"https:\/\/casadomarceneiroavare.com.br\/site\/\"},{\"@type\":\"ListItem\",\"position\":2,\"name\":\"Conhe\u00e7a nossos Produtos\",\"item\":\"https:\/\/casadomarceneiroavare.com.br\/site\/shop\/\"},{\"@type\":\"ListItem\",\"position\":3,\"name\":\"MTX PINADOR PNEUMATICO 574109\"}]},{\"@type\":\"WebSite\",\"@id\":\"https:\/\/casadomarceneiroavare.com.br\/site\/#website\",\"url\":\"https:\/\/casadomarceneiroavare.com.br\/site\/\",\"name\":\"Casa do Marceneiro - Home Center\",\"description\":\"Venha Conhecer o Maior Home Center da Regi\u00e3o, a Loja pra Fam\u00edlia toda\",\"potentialAction\":[{\"@type\":\"SearchAction\",\"target\":{\"@type\":\"EntryPoint\",\"urlTemplate\":\"https:\/\/casadomarceneiroavare.com.br\/site\/?s={search_term_string}\"},\"query-input\":\"required name=search_term_string\"}],\"inLanguage\":\"pt-BR\"}]}<\/script>\n<!-- \/ Yoast SEO plugin. -->","yoast_head_json":{"title":"MTX PINADOR PNEUMATICO 574109 - Casa do Marceneiro - Home Center","robots":{"index":"index","follow":"follow","max-snippet":"max-snippet:-1","max-image-preview":"max-image-preview:large","max-video-preview":"max-video-preview:-1"},"canonical":"https:\/\/casadomarceneiroavare.com.br\/site\/produto\/mtx-pinador-pneumatico-574109\/","og_locale":"pt_BR","og_type":"article","og_title":"MTX PINADOR PNEUMATICO 574109 - Casa do Marceneiro - Home Center","og_description":"Caracter\u00edsticas Pinador pneum\u00e1tico de 10 a 50 mm de capacidade de 100 pregos, modelo 574109 qualidade MTX. A pistola pneum\u00e1tica MTX possui compartimento com capacidade de 100 pregos \u00e9 projetado para a fixa\u00e7\u00e3o r\u00e1pida e confi\u00e1vel de pisos de madeira, madeira compensada, MDF, placa de gesso, couro, tecido e papel para superf\u00edcies de madeira. Para...","og_url":"https:\/\/casadomarceneiroavare.com.br\/site\/produto\/mtx-pinador-pneumatico-574109\/","og_site_name":"Casa do Marceneiro - Home Center","og_image":[{"width":867,"height":1004,"url":"https:\/\/casadomarceneiroavare.com.br\/site\/wp-content\/uploads\/2019\/12\/pinador-pneumatico-para-pinos-de-10-50mm-mtx-574109.jpg","type":"image\/jpeg"}],"twitter_card":"summary_large_image","schema":{"@context":"https:\/\/schema.org","@graph":[{"@type":"WebPage","@id":"https:\/\/casadomarceneiroavare.com.br\/site\/produto\/mtx-pinador-pneumatico-574109\/","url":"https:\/\/casadomarceneiroavare.com.br\/site\/produto\/mtx-pinador-pneumatico-574109\/","name":"MTX PINADOR PNEUMATICO 574109 - Casa do Marceneiro - Home Center","isPartOf":{"@id":"https:\/\/casadomarceneiroavare.com.br\/site\/#website"},"datePublished":"2019-12-11T12:08:16+00:00","dateModified":"2019-12-11T12:08:16+00:00","breadcrumb":{"@id":"https:\/\/casadomarceneiroavare.com.br\/site\/produto\/mtx-pinador-pneumatico-574109\/#breadcrumb"},"inLanguage":"pt-BR","potentialAction":[{"@type":"ReadAction","target":["https:\/\/casadomarceneiroavare.com.br\/site\/produto\/mtx-pinador-pneumatico-574109\/"]}]},{"@type":"BreadcrumbList","@id":"https:\/\/casadomarceneiroavare.com.br\/site\/produto\/mtx-pinador-pneumatico-574109\/#breadcrumb","itemListElement":[{"@type":"ListItem","position":1,"name":"Home","item":"https:\/\/casadomarceneiroavare.com.br\/site\/"},{"@type":"ListItem","position":2,"name":"Conhe\u00e7a nossos Produtos","item":"https:\/\/casadomarceneiroavare.com.br\/site\/shop\/"},{"@type":"ListItem","position":3,"name":"MTX PINADOR PNEUMATICO 574109"}]},{"@type":"WebSite","@id":"https:\/\/casadomarceneiroavare.com.br\/site\/#website","url":"https:\/\/casadomarceneiroavare.com.br\/site\/","name":"Casa do Marceneiro - Home Center","description":"Venha Conhecer o Maior Home Center da Regi\u00e3o, a Loja pra Fam\u00edlia toda","potentialAction":[{"@type":"SearchAction","target":{"@type":"EntryPoint","urlTemplate":"https:\/\/casadomarceneiroavare.com.br\/site\/?s={search_term_string}"},"query-input":"required name=search_term_string"}],"inLanguage":"pt-BR"}]}},"_links":{"self":[{"href":"https:\/\/casadomarceneiroavare.com.br\/site\/wp-json\/wp\/v2\/product\/5227"}],"collection":[{"href":"https:\/\/casadomarceneiroavare.com.br\/site\/wp-json\/wp\/v2\/product"}],"about":[{"href":"https:\/\/casadomarceneiroavare.com.br\/site\/wp-json\/wp\/v2\/types\/product"}],"replies":[{"embeddable":true,"href":"https:\/\/casadomarceneiroavare.com.br\/site\/wp-json\/wp\/v2\/comments?post=5227"}],"wp:featuredmedia":[{"embeddable":true,"href":"https:\/\/casadomarceneiroavare.com.br\/site\/wp-json\/wp\/v2\/media\/5228"}],"wp:attachment":[{"href":"https:\/\/casadomarceneiroavare.com.br\/site\/wp-json\/wp\/v2\/media?parent=5227"}],"curies":[{"name":"wp","href":"https:\/\/api.w.org\/{rel}","templated":true}]}}