{"id":5090,"date":"2019-09-27T17:27:48","date_gmt":"2019-09-27T19:27:48","guid":{"rendered":"http:\/\/www.casadomarceneiroavare.com.br\/loja\/?post_type=product&#038;p=5090"},"modified":"2019-09-27T17:27:48","modified_gmt":"2019-09-27T19:27:48","slug":"mtx-raspador-universal-100mm","status":"publish","type":"product","link":"https:\/\/casadomarceneiroavare.com.br\/site\/produto\/mtx-raspador-universal-100mm\/","title":{"rendered":"MTX RASPADOR UNIVERSAL 100MM"},"content":{"rendered":"<p>Raspador Universal 100mm L\u00e2mina Fixa 795459 MTX. Projetado para remover tinta e sujeiras de diferentes superf\u00edcies<\/p>\n<p>&#8211; Marca: MTX<br \/>\n&#8211; Refer\u00eancia: 795459<br \/>\n&#8211; Largura da l\u00e2mina: 100mm<br \/>\n&#8211; Comprimento: 200mm<br \/>\n&#8211; Cabo confort\u00e1vel com revestimento de borracha<br \/>\n&#8211; Projetado para remover tinta e sujeiras de diferentes superf\u00edcies<br \/>\n&#8211; Fabricada em a\u00e7o<br \/>\n&#8211; Lamina fixa inclinada<br \/>\n&#8211; Peso bruto: 130 gramas<\/p>\n<p>&nbsp;<\/p>\n","protected":false},"excerpt":{"rendered":"<p>Raspador Universal 100mm L\u00e2mina Fixa 795459 MTX. Projetado para remover tinta e sujeiras de diferentes superf\u00edcies &#8211; Marca: MTX &#8211; Refer\u00eancia: 795459 &#8211; Largura da l\u00e2mina: 100mm &#8211; Comprimento: 200mm &#8211; Cabo confort\u00e1vel com revestimento de borracha &#8211; Projetado para remover tinta e sujeiras de diferentes superf\u00edcies &#8211; Fabricada em a\u00e7o &#8211; Lamina fixa inclinada&#8230;<\/p>\n","protected":false},"featured_media":5092,"comment_status":"open","ping_status":"closed","template":"","meta":{"inline_featured_image":false},"yoast_head":"<!-- This site is optimized with the Yoast SEO plugin v21.7 - https:\/\/yoast.com\/wordpress\/plugins\/seo\/ -->\n<title>MTX RASPADOR UNIVERSAL 100MM - Casa do Marceneiro - Home Center<\/title>\n<meta name=\"robots\" content=\"index, follow, max-snippet:-1, max-image-preview:large, max-video-preview:-1\" \/>\n<link rel=\"canonical\" href=\"https:\/\/casadomarceneiroavare.com.br\/site\/produto\/mtx-raspador-universal-100mm\/\" \/>\n<meta property=\"og:locale\" content=\"pt_BR\" \/>\n<meta property=\"og:type\" content=\"article\" \/>\n<meta property=\"og:title\" content=\"MTX RASPADOR UNIVERSAL 100MM - Casa do Marceneiro - Home Center\" \/>\n<meta property=\"og:description\" content=\"Raspador Universal 100mm L\u00e2mina Fixa 795459 MTX. Projetado para remover tinta e sujeiras de diferentes superf\u00edcies &#8211; Marca: MTX &#8211; Refer\u00eancia: 795459 &#8211; Largura da l\u00e2mina: 100mm &#8211; Comprimento: 200mm &#8211; Cabo confort\u00e1vel com revestimento de borracha &#8211; Projetado para remover tinta e sujeiras de diferentes superf\u00edcies &#8211; Fabricada em a\u00e7o &#8211; Lamina fixa inclinada...\" \/>\n<meta property=\"og:url\" content=\"https:\/\/casadomarceneiroavare.com.br\/site\/produto\/mtx-raspador-universal-100mm\/\" \/>\n<meta property=\"og:site_name\" content=\"Casa do Marceneiro - Home Center\" \/>\n<meta property=\"og:image\" content=\"https:\/\/casadomarceneiroavare.com.br\/site\/wp-content\/uploads\/2019\/09\/MTX-RASPADOR-UNIVERSAL-100MM.jpg\" \/>\n\t<meta property=\"og:image:width\" content=\"630\" \/>\n\t<meta property=\"og:image:height\" content=\"450\" \/>\n\t<meta property=\"og:image:type\" content=\"image\/jpeg\" \/>\n<meta name=\"twitter:card\" content=\"summary_large_image\" \/>\n<script type=\"application\/ld+json\" class=\"yoast-schema-graph\">{\"@context\":\"https:\/\/schema.org\",\"@graph\":[{\"@type\":\"WebPage\",\"@id\":\"https:\/\/casadomarceneiroavare.com.br\/site\/produto\/mtx-raspador-universal-100mm\/\",\"url\":\"https:\/\/casadomarceneiroavare.com.br\/site\/produto\/mtx-raspador-universal-100mm\/\",\"name\":\"MTX RASPADOR UNIVERSAL 100MM - Casa do Marceneiro - Home Center\",\"isPartOf\":{\"@id\":\"https:\/\/casadomarceneiroavare.com.br\/site\/#website\"},\"datePublished\":\"2019-09-27T19:27:48+00:00\",\"dateModified\":\"2019-09-27T19:27:48+00:00\",\"breadcrumb\":{\"@id\":\"https:\/\/casadomarceneiroavare.com.br\/site\/produto\/mtx-raspador-universal-100mm\/#breadcrumb\"},\"inLanguage\":\"pt-BR\",\"potentialAction\":[{\"@type\":\"ReadAction\",\"target\":[\"https:\/\/casadomarceneiroavare.com.br\/site\/produto\/mtx-raspador-universal-100mm\/\"]}]},{\"@type\":\"BreadcrumbList\",\"@id\":\"https:\/\/casadomarceneiroavare.com.br\/site\/produto\/mtx-raspador-universal-100mm\/#breadcrumb\",\"itemListElement\":[{\"@type\":\"ListItem\",\"position\":1,\"name\":\"Home\",\"item\":\"https:\/\/casadomarceneiroavare.com.br\/site\/\"},{\"@type\":\"ListItem\",\"position\":2,\"name\":\"Conhe\u00e7a nossos Produtos\",\"item\":\"https:\/\/casadomarceneiroavare.com.br\/site\/shop\/\"},{\"@type\":\"ListItem\",\"position\":3,\"name\":\"MTX RASPADOR UNIVERSAL 100MM\"}]},{\"@type\":\"WebSite\",\"@id\":\"https:\/\/casadomarceneiroavare.com.br\/site\/#website\",\"url\":\"https:\/\/casadomarceneiroavare.com.br\/site\/\",\"name\":\"Casa do Marceneiro - Home Center\",\"description\":\"Venha Conhecer o Maior Home Center da Regi\u00e3o, a Loja pra Fam\u00edlia toda\",\"potentialAction\":[{\"@type\":\"SearchAction\",\"target\":{\"@type\":\"EntryPoint\",\"urlTemplate\":\"https:\/\/casadomarceneiroavare.com.br\/site\/?s={search_term_string}\"},\"query-input\":\"required name=search_term_string\"}],\"inLanguage\":\"pt-BR\"}]}<\/script>\n<!-- \/ Yoast SEO plugin. -->","yoast_head_json":{"title":"MTX RASPADOR UNIVERSAL 100MM - Casa do Marceneiro - Home Center","robots":{"index":"index","follow":"follow","max-snippet":"max-snippet:-1","max-image-preview":"max-image-preview:large","max-video-preview":"max-video-preview:-1"},"canonical":"https:\/\/casadomarceneiroavare.com.br\/site\/produto\/mtx-raspador-universal-100mm\/","og_locale":"pt_BR","og_type":"article","og_title":"MTX RASPADOR UNIVERSAL 100MM - Casa do Marceneiro - Home Center","og_description":"Raspador Universal 100mm L\u00e2mina Fixa 795459 MTX. Projetado para remover tinta e sujeiras de diferentes superf\u00edcies &#8211; Marca: MTX &#8211; Refer\u00eancia: 795459 &#8211; Largura da l\u00e2mina: 100mm &#8211; Comprimento: 200mm &#8211; Cabo confort\u00e1vel com revestimento de borracha &#8211; Projetado para remover tinta e sujeiras de diferentes superf\u00edcies &#8211; Fabricada em a\u00e7o &#8211; Lamina fixa inclinada...","og_url":"https:\/\/casadomarceneiroavare.com.br\/site\/produto\/mtx-raspador-universal-100mm\/","og_site_name":"Casa do Marceneiro - Home Center","og_image":[{"width":630,"height":450,"url":"https:\/\/casadomarceneiroavare.com.br\/site\/wp-content\/uploads\/2019\/09\/MTX-RASPADOR-UNIVERSAL-100MM.jpg","type":"image\/jpeg"}],"twitter_card":"summary_large_image","schema":{"@context":"https:\/\/schema.org","@graph":[{"@type":"WebPage","@id":"https:\/\/casadomarceneiroavare.com.br\/site\/produto\/mtx-raspador-universal-100mm\/","url":"https:\/\/casadomarceneiroavare.com.br\/site\/produto\/mtx-raspador-universal-100mm\/","name":"MTX RASPADOR UNIVERSAL 100MM - Casa do Marceneiro - Home Center","isPartOf":{"@id":"https:\/\/casadomarceneiroavare.com.br\/site\/#website"},"datePublished":"2019-09-27T19:27:48+00:00","dateModified":"2019-09-27T19:27:48+00:00","breadcrumb":{"@id":"https:\/\/casadomarceneiroavare.com.br\/site\/produto\/mtx-raspador-universal-100mm\/#breadcrumb"},"inLanguage":"pt-BR","potentialAction":[{"@type":"ReadAction","target":["https:\/\/casadomarceneiroavare.com.br\/site\/produto\/mtx-raspador-universal-100mm\/"]}]},{"@type":"BreadcrumbList","@id":"https:\/\/casadomarceneiroavare.com.br\/site\/produto\/mtx-raspador-universal-100mm\/#breadcrumb","itemListElement":[{"@type":"ListItem","position":1,"name":"Home","item":"https:\/\/casadomarceneiroavare.com.br\/site\/"},{"@type":"ListItem","position":2,"name":"Conhe\u00e7a nossos Produtos","item":"https:\/\/casadomarceneiroavare.com.br\/site\/shop\/"},{"@type":"ListItem","position":3,"name":"MTX RASPADOR UNIVERSAL 100MM"}]},{"@type":"WebSite","@id":"https:\/\/casadomarceneiroavare.com.br\/site\/#website","url":"https:\/\/casadomarceneiroavare.com.br\/site\/","name":"Casa do Marceneiro - Home Center","description":"Venha Conhecer o Maior Home Center da Regi\u00e3o, a Loja pra Fam\u00edlia toda","potentialAction":[{"@type":"SearchAction","target":{"@type":"EntryPoint","urlTemplate":"https:\/\/casadomarceneiroavare.com.br\/site\/?s={search_term_string}"},"query-input":"required name=search_term_string"}],"inLanguage":"pt-BR"}]}},"_links":{"self":[{"href":"https:\/\/casadomarceneiroavare.com.br\/site\/wp-json\/wp\/v2\/product\/5090"}],"collection":[{"href":"https:\/\/casadomarceneiroavare.com.br\/site\/wp-json\/wp\/v2\/product"}],"about":[{"href":"https:\/\/casadomarceneiroavare.com.br\/site\/wp-json\/wp\/v2\/types\/product"}],"replies":[{"embeddable":true,"href":"https:\/\/casadomarceneiroavare.com.br\/site\/wp-json\/wp\/v2\/comments?post=5090"}],"wp:featuredmedia":[{"embeddable":true,"href":"https:\/\/casadomarceneiroavare.com.br\/site\/wp-json\/wp\/v2\/media\/5092"}],"wp:attachment":[{"href":"https:\/\/casadomarceneiroavare.com.br\/site\/wp-json\/wp\/v2\/media?parent=5090"}],"curies":[{"name":"wp","href":"https:\/\/api.w.org\/{rel}","templated":true}]}}