{"id":5080,"date":"2019-09-27T16:50:15","date_gmt":"2019-09-27T18:50:15","guid":{"rendered":"http:\/\/www.casadomarceneiroavare.com.br\/loja\/?post_type=product&#038;p=5080"},"modified":"2019-09-27T16:50:15","modified_gmt":"2019-09-27T18:50:15","slug":"mtx-alicate-de-corte-diagonal-6","status":"publish","type":"product","link":"https:\/\/casadomarceneiroavare.com.br\/site\/produto\/mtx-alicate-de-corte-diagonal-6\/","title":{"rendered":"MTX ALICATE DE CORTE DIAGONAL 6&#8221;"},"content":{"rendered":"<p>O alicate da linha N\u00edquel \u00e9 projetado para um vasto leque de trabalhos de montagem e repara\u00e7\u00e3o.<\/p>\n<p>O revestimento de n\u00edquel aumenta a durabilidade das partes de trabalho e impede a corros\u00e3o.<\/p>\n<p>As bordas da l\u00e2mina s\u00e3o temperadas com correntes de alta frequ\u00eancia e a dureza \u00e9 de 53 HRc.<\/p>\n<p>&nbsp;<\/p>\n<p>&nbsp;<\/p>\n","protected":false},"excerpt":{"rendered":"<p>O alicate da linha N\u00edquel \u00e9 projetado para um vasto leque de trabalhos de montagem e repara\u00e7\u00e3o. O revestimento de n\u00edquel aumenta a durabilidade das partes de trabalho e impede a corros\u00e3o. As bordas da l\u00e2mina s\u00e3o temperadas com correntes de alta frequ\u00eancia e a dureza \u00e9 de 53 HRc. &nbsp; &nbsp;<\/p>\n","protected":false},"featured_media":5082,"comment_status":"open","ping_status":"closed","template":"","meta":{"inline_featured_image":false},"yoast_head":"<!-- This site is optimized with the Yoast SEO plugin v21.7 - https:\/\/yoast.com\/wordpress\/plugins\/seo\/ -->\n<title>MTX ALICATE DE CORTE DIAGONAL 6&#039;&#039; - Casa do Marceneiro - Home Center<\/title>\n<meta name=\"robots\" content=\"index, follow, max-snippet:-1, max-image-preview:large, max-video-preview:-1\" \/>\n<link rel=\"canonical\" href=\"https:\/\/casadomarceneiroavare.com.br\/site\/produto\/mtx-alicate-de-corte-diagonal-6\/\" \/>\n<meta property=\"og:locale\" content=\"pt_BR\" \/>\n<meta property=\"og:type\" content=\"article\" \/>\n<meta property=\"og:title\" content=\"MTX ALICATE DE CORTE DIAGONAL 6&#039;&#039; - Casa do Marceneiro - Home Center\" \/>\n<meta property=\"og:description\" content=\"O alicate da linha N\u00edquel \u00e9 projetado para um vasto leque de trabalhos de montagem e repara\u00e7\u00e3o. O revestimento de n\u00edquel aumenta a durabilidade das partes de trabalho e impede a corros\u00e3o. As bordas da l\u00e2mina s\u00e3o temperadas com correntes de alta frequ\u00eancia e a dureza \u00e9 de 53 HRc. &nbsp; &nbsp;\" \/>\n<meta property=\"og:url\" content=\"https:\/\/casadomarceneiroavare.com.br\/site\/produto\/mtx-alicate-de-corte-diagonal-6\/\" \/>\n<meta property=\"og:site_name\" content=\"Casa do Marceneiro - Home Center\" \/>\n<meta property=\"og:image\" content=\"https:\/\/casadomarceneiroavare.com.br\/site\/wp-content\/uploads\/2019\/09\/alicate-corte-diagonal-niquel-6-160mm-mtx.jpg\" \/>\n\t<meta property=\"og:image:width\" content=\"458\" \/>\n\t<meta property=\"og:image:height\" content=\"458\" \/>\n\t<meta property=\"og:image:type\" content=\"image\/jpeg\" \/>\n<meta name=\"twitter:card\" content=\"summary_large_image\" \/>\n<script type=\"application\/ld+json\" class=\"yoast-schema-graph\">{\"@context\":\"https:\/\/schema.org\",\"@graph\":[{\"@type\":\"WebPage\",\"@id\":\"https:\/\/casadomarceneiroavare.com.br\/site\/produto\/mtx-alicate-de-corte-diagonal-6\/\",\"url\":\"https:\/\/casadomarceneiroavare.com.br\/site\/produto\/mtx-alicate-de-corte-diagonal-6\/\",\"name\":\"MTX ALICATE DE CORTE DIAGONAL 6'' - Casa do Marceneiro - Home Center\",\"isPartOf\":{\"@id\":\"https:\/\/casadomarceneiroavare.com.br\/site\/#website\"},\"datePublished\":\"2019-09-27T18:50:15+00:00\",\"dateModified\":\"2019-09-27T18:50:15+00:00\",\"breadcrumb\":{\"@id\":\"https:\/\/casadomarceneiroavare.com.br\/site\/produto\/mtx-alicate-de-corte-diagonal-6\/#breadcrumb\"},\"inLanguage\":\"pt-BR\",\"potentialAction\":[{\"@type\":\"ReadAction\",\"target\":[\"https:\/\/casadomarceneiroavare.com.br\/site\/produto\/mtx-alicate-de-corte-diagonal-6\/\"]}]},{\"@type\":\"BreadcrumbList\",\"@id\":\"https:\/\/casadomarceneiroavare.com.br\/site\/produto\/mtx-alicate-de-corte-diagonal-6\/#breadcrumb\",\"itemListElement\":[{\"@type\":\"ListItem\",\"position\":1,\"name\":\"Home\",\"item\":\"https:\/\/casadomarceneiroavare.com.br\/site\/\"},{\"@type\":\"ListItem\",\"position\":2,\"name\":\"Conhe\u00e7a nossos Produtos\",\"item\":\"https:\/\/casadomarceneiroavare.com.br\/site\/shop\/\"},{\"@type\":\"ListItem\",\"position\":3,\"name\":\"MTX ALICATE DE CORTE DIAGONAL 6&#8221;\"}]},{\"@type\":\"WebSite\",\"@id\":\"https:\/\/casadomarceneiroavare.com.br\/site\/#website\",\"url\":\"https:\/\/casadomarceneiroavare.com.br\/site\/\",\"name\":\"Casa do Marceneiro - Home Center\",\"description\":\"Venha Conhecer o Maior Home Center da Regi\u00e3o, a Loja pra Fam\u00edlia toda\",\"potentialAction\":[{\"@type\":\"SearchAction\",\"target\":{\"@type\":\"EntryPoint\",\"urlTemplate\":\"https:\/\/casadomarceneiroavare.com.br\/site\/?s={search_term_string}\"},\"query-input\":\"required name=search_term_string\"}],\"inLanguage\":\"pt-BR\"}]}<\/script>\n<!-- \/ Yoast SEO plugin. -->","yoast_head_json":{"title":"MTX ALICATE DE CORTE DIAGONAL 6'' - Casa do Marceneiro - Home Center","robots":{"index":"index","follow":"follow","max-snippet":"max-snippet:-1","max-image-preview":"max-image-preview:large","max-video-preview":"max-video-preview:-1"},"canonical":"https:\/\/casadomarceneiroavare.com.br\/site\/produto\/mtx-alicate-de-corte-diagonal-6\/","og_locale":"pt_BR","og_type":"article","og_title":"MTX ALICATE DE CORTE DIAGONAL 6'' - Casa do Marceneiro - Home Center","og_description":"O alicate da linha N\u00edquel \u00e9 projetado para um vasto leque de trabalhos de montagem e repara\u00e7\u00e3o. O revestimento de n\u00edquel aumenta a durabilidade das partes de trabalho e impede a corros\u00e3o. As bordas da l\u00e2mina s\u00e3o temperadas com correntes de alta frequ\u00eancia e a dureza \u00e9 de 53 HRc. &nbsp; &nbsp;","og_url":"https:\/\/casadomarceneiroavare.com.br\/site\/produto\/mtx-alicate-de-corte-diagonal-6\/","og_site_name":"Casa do Marceneiro - Home Center","og_image":[{"width":458,"height":458,"url":"https:\/\/casadomarceneiroavare.com.br\/site\/wp-content\/uploads\/2019\/09\/alicate-corte-diagonal-niquel-6-160mm-mtx.jpg","type":"image\/jpeg"}],"twitter_card":"summary_large_image","schema":{"@context":"https:\/\/schema.org","@graph":[{"@type":"WebPage","@id":"https:\/\/casadomarceneiroavare.com.br\/site\/produto\/mtx-alicate-de-corte-diagonal-6\/","url":"https:\/\/casadomarceneiroavare.com.br\/site\/produto\/mtx-alicate-de-corte-diagonal-6\/","name":"MTX ALICATE DE CORTE DIAGONAL 6'' - Casa do Marceneiro - Home Center","isPartOf":{"@id":"https:\/\/casadomarceneiroavare.com.br\/site\/#website"},"datePublished":"2019-09-27T18:50:15+00:00","dateModified":"2019-09-27T18:50:15+00:00","breadcrumb":{"@id":"https:\/\/casadomarceneiroavare.com.br\/site\/produto\/mtx-alicate-de-corte-diagonal-6\/#breadcrumb"},"inLanguage":"pt-BR","potentialAction":[{"@type":"ReadAction","target":["https:\/\/casadomarceneiroavare.com.br\/site\/produto\/mtx-alicate-de-corte-diagonal-6\/"]}]},{"@type":"BreadcrumbList","@id":"https:\/\/casadomarceneiroavare.com.br\/site\/produto\/mtx-alicate-de-corte-diagonal-6\/#breadcrumb","itemListElement":[{"@type":"ListItem","position":1,"name":"Home","item":"https:\/\/casadomarceneiroavare.com.br\/site\/"},{"@type":"ListItem","position":2,"name":"Conhe\u00e7a nossos Produtos","item":"https:\/\/casadomarceneiroavare.com.br\/site\/shop\/"},{"@type":"ListItem","position":3,"name":"MTX ALICATE DE CORTE DIAGONAL 6&#8221;"}]},{"@type":"WebSite","@id":"https:\/\/casadomarceneiroavare.com.br\/site\/#website","url":"https:\/\/casadomarceneiroavare.com.br\/site\/","name":"Casa do Marceneiro - Home Center","description":"Venha Conhecer o Maior Home Center da Regi\u00e3o, a Loja pra Fam\u00edlia toda","potentialAction":[{"@type":"SearchAction","target":{"@type":"EntryPoint","urlTemplate":"https:\/\/casadomarceneiroavare.com.br\/site\/?s={search_term_string}"},"query-input":"required name=search_term_string"}],"inLanguage":"pt-BR"}]}},"_links":{"self":[{"href":"https:\/\/casadomarceneiroavare.com.br\/site\/wp-json\/wp\/v2\/product\/5080"}],"collection":[{"href":"https:\/\/casadomarceneiroavare.com.br\/site\/wp-json\/wp\/v2\/product"}],"about":[{"href":"https:\/\/casadomarceneiroavare.com.br\/site\/wp-json\/wp\/v2\/types\/product"}],"replies":[{"embeddable":true,"href":"https:\/\/casadomarceneiroavare.com.br\/site\/wp-json\/wp\/v2\/comments?post=5080"}],"wp:featuredmedia":[{"embeddable":true,"href":"https:\/\/casadomarceneiroavare.com.br\/site\/wp-json\/wp\/v2\/media\/5082"}],"wp:attachment":[{"href":"https:\/\/casadomarceneiroavare.com.br\/site\/wp-json\/wp\/v2\/media?parent=5080"}],"curies":[{"name":"wp","href":"https:\/\/api.w.org\/{rel}","templated":true}]}}