{"id":5029,"date":"2019-09-23T12:06:34","date_gmt":"2019-09-23T14:06:34","guid":{"rendered":"http:\/\/www.casadomarceneiroavare.com.br\/loja\/?post_type=product&#038;p=5029"},"modified":"2019-09-23T12:06:35","modified_gmt":"2019-09-23T14:06:35","slug":"stanley-nivel-laser-4v1h-stht77512-la","status":"publish","type":"product","link":"https:\/\/casadomarceneiroavare.com.br\/site\/produto\/stanley-nivel-laser-4v1h-stht77512-la\/","title":{"rendered":"STANLEY N\u00cdVEL LASER 4V1H STHT77512 &#8211; LA"},"content":{"rendered":"<p>N\u00edvel Laser Stanley Multi Linhas 4V1H STHT77512-La com kit<\/p>\n<p><b>Caracter\u00edsticas<\/b><br \/>\nO N\u00edvel a Laser multi-linhas 4 verticais e 1 horizontal com alcance de 10 metros 4V1HR da Stanley \u00e9 pr\u00e1tico e eficaz.<br \/>\nSuas 4 linhas verticais e 1 horizontal permitem que o usu\u00e1rio trabalhe em v\u00e1rias superf\u00edcies de uma s\u00f3 vez, sem ter que reposicionar o n\u00edvel.<br \/>\nAs m\u00faltiplas linhas de laser e a fun\u00e7\u00e3o prumo permitem a marca\u00e7\u00e3o de pontos com efici\u00eancia e precis\u00e3o.<br \/>\nPerfeito para servi\u00e7os de manuten\u00e7\u00e3o, instala\u00e7\u00e3o de drywall, instala\u00e7\u00e3o de pisos etc..<br \/>\nPrecis\u00e3o Milim\u00e9trica testado em laborat\u00f3rio para garantir um trabalho bem feito<br \/>\nProte\u00e7\u00e3o Emborrachada testado para resistir a quedas e golpes<br \/>\nBase Totalmente Met\u00e1lica<br \/>\nFun\u00e7\u00e3o Prumo<br \/>\nPara Uso em Interiores<br \/>\nGrau de Prote\u00e7\u00e3o IP54 Contra p\u00f3 e \u00e1gua<br \/>\nBi-material &#8211; Borracha + Pl\u00e1stico.<\/p>\n<p><b>Especifica\u00e7\u00f5es<\/b><br \/>\nC\u00f3digo: STHT77512-La<br \/>\nModelo: 4V1HR<br \/>\nGrau prote\u00e7\u00e3o: IP54 (contra p\u00f3 e \u00e1gua)<br \/>\nPrecis\u00e3o: H \u00b12mm\/10m &#8211; V \u00b12mm\/10m<br \/>\nAlcance: 10 metros<br \/>\nPeso: 2,5kg<\/p>\n<p><b>Itens que acompanham<\/b><br \/>\n01 Maleta pl\u00e1stica<br \/>\n01 Base magn\u00e9tica<br \/>\n01 \u00d3culos Seguran\u00e7a<br \/>\n01 Placa Alvo<br \/>\n01 Manual de instru\u00e7\u00f5es<\/p>\n","protected":false},"excerpt":{"rendered":"<p>N\u00edvel Laser Stanley Multi Linhas 4V1H STHT77512-La com kit Caracter\u00edsticas O N\u00edvel a Laser multi-linhas 4 verticais e 1 horizontal com alcance de 10 metros 4V1HR da Stanley \u00e9 pr\u00e1tico e eficaz. Suas 4 linhas verticais e 1 horizontal permitem que o usu\u00e1rio trabalhe em v\u00e1rias superf\u00edcies de uma s\u00f3 vez, sem ter que reposicionar&#8230;<\/p>\n","protected":false},"featured_media":5030,"comment_status":"open","ping_status":"closed","template":"","meta":{"inline_featured_image":false},"yoast_head":"<!-- This site is optimized with the Yoast SEO plugin v21.7 - https:\/\/yoast.com\/wordpress\/plugins\/seo\/ -->\n<title>STANLEY N\u00cdVEL LASER 4V1H STHT77512 - LA - Casa do Marceneiro - Home Center<\/title>\n<meta name=\"robots\" content=\"index, follow, max-snippet:-1, max-image-preview:large, max-video-preview:-1\" \/>\n<link rel=\"canonical\" href=\"https:\/\/casadomarceneiroavare.com.br\/site\/produto\/stanley-nivel-laser-4v1h-stht77512-la\/\" \/>\n<meta property=\"og:locale\" content=\"pt_BR\" \/>\n<meta property=\"og:type\" content=\"article\" \/>\n<meta property=\"og:title\" content=\"STANLEY N\u00cdVEL LASER 4V1H STHT77512 - LA - Casa do Marceneiro - Home Center\" \/>\n<meta property=\"og:description\" content=\"N\u00edvel Laser Stanley Multi Linhas 4V1H STHT77512-La com kit Caracter\u00edsticas O N\u00edvel a Laser multi-linhas 4 verticais e 1 horizontal com alcance de 10 metros 4V1HR da Stanley \u00e9 pr\u00e1tico e eficaz. Suas 4 linhas verticais e 1 horizontal permitem que o usu\u00e1rio trabalhe em v\u00e1rias superf\u00edcies de uma s\u00f3 vez, sem ter que reposicionar...\" \/>\n<meta property=\"og:url\" content=\"https:\/\/casadomarceneiroavare.com.br\/site\/produto\/stanley-nivel-laser-4v1h-stht77512-la\/\" \/>\n<meta property=\"og:site_name\" content=\"Casa do Marceneiro - Home Center\" \/>\n<meta property=\"article:modified_time\" content=\"2019-09-23T14:06:35+00:00\" \/>\n<meta property=\"og:image\" content=\"https:\/\/casadomarceneiroavare.com.br\/site\/wp-content\/uploads\/2019\/09\/STHT77512-LA.jpg\" \/>\n\t<meta property=\"og:image:width\" content=\"450\" \/>\n\t<meta property=\"og:image:height\" content=\"450\" \/>\n\t<meta property=\"og:image:type\" content=\"image\/jpeg\" \/>\n<meta name=\"twitter:card\" content=\"summary_large_image\" \/>\n<meta name=\"twitter:label1\" content=\"Est. tempo de leitura\" \/>\n\t<meta name=\"twitter:data1\" content=\"1 minuto\" \/>\n<script type=\"application\/ld+json\" class=\"yoast-schema-graph\">{\"@context\":\"https:\/\/schema.org\",\"@graph\":[{\"@type\":\"WebPage\",\"@id\":\"https:\/\/casadomarceneiroavare.com.br\/site\/produto\/stanley-nivel-laser-4v1h-stht77512-la\/\",\"url\":\"https:\/\/casadomarceneiroavare.com.br\/site\/produto\/stanley-nivel-laser-4v1h-stht77512-la\/\",\"name\":\"STANLEY N\u00cdVEL LASER 4V1H STHT77512 - LA - Casa do Marceneiro - Home Center\",\"isPartOf\":{\"@id\":\"https:\/\/casadomarceneiroavare.com.br\/site\/#website\"},\"datePublished\":\"2019-09-23T14:06:34+00:00\",\"dateModified\":\"2019-09-23T14:06:35+00:00\",\"breadcrumb\":{\"@id\":\"https:\/\/casadomarceneiroavare.com.br\/site\/produto\/stanley-nivel-laser-4v1h-stht77512-la\/#breadcrumb\"},\"inLanguage\":\"pt-BR\",\"potentialAction\":[{\"@type\":\"ReadAction\",\"target\":[\"https:\/\/casadomarceneiroavare.com.br\/site\/produto\/stanley-nivel-laser-4v1h-stht77512-la\/\"]}]},{\"@type\":\"BreadcrumbList\",\"@id\":\"https:\/\/casadomarceneiroavare.com.br\/site\/produto\/stanley-nivel-laser-4v1h-stht77512-la\/#breadcrumb\",\"itemListElement\":[{\"@type\":\"ListItem\",\"position\":1,\"name\":\"Home\",\"item\":\"https:\/\/casadomarceneiroavare.com.br\/site\/\"},{\"@type\":\"ListItem\",\"position\":2,\"name\":\"Conhe\u00e7a nossos Produtos\",\"item\":\"https:\/\/casadomarceneiroavare.com.br\/site\/shop\/\"},{\"@type\":\"ListItem\",\"position\":3,\"name\":\"STANLEY N\u00cdVEL LASER 4V1H STHT77512 &#8211; LA\"}]},{\"@type\":\"WebSite\",\"@id\":\"https:\/\/casadomarceneiroavare.com.br\/site\/#website\",\"url\":\"https:\/\/casadomarceneiroavare.com.br\/site\/\",\"name\":\"Casa do Marceneiro - Home Center\",\"description\":\"Venha Conhecer o Maior Home Center da Regi\u00e3o, a Loja pra Fam\u00edlia toda\",\"potentialAction\":[{\"@type\":\"SearchAction\",\"target\":{\"@type\":\"EntryPoint\",\"urlTemplate\":\"https:\/\/casadomarceneiroavare.com.br\/site\/?s={search_term_string}\"},\"query-input\":\"required name=search_term_string\"}],\"inLanguage\":\"pt-BR\"}]}<\/script>\n<!-- \/ Yoast SEO plugin. -->","yoast_head_json":{"title":"STANLEY N\u00cdVEL LASER 4V1H STHT77512 - LA - Casa do Marceneiro - Home Center","robots":{"index":"index","follow":"follow","max-snippet":"max-snippet:-1","max-image-preview":"max-image-preview:large","max-video-preview":"max-video-preview:-1"},"canonical":"https:\/\/casadomarceneiroavare.com.br\/site\/produto\/stanley-nivel-laser-4v1h-stht77512-la\/","og_locale":"pt_BR","og_type":"article","og_title":"STANLEY N\u00cdVEL LASER 4V1H STHT77512 - LA - Casa do Marceneiro - Home Center","og_description":"N\u00edvel Laser Stanley Multi Linhas 4V1H STHT77512-La com kit Caracter\u00edsticas O N\u00edvel a Laser multi-linhas 4 verticais e 1 horizontal com alcance de 10 metros 4V1HR da Stanley \u00e9 pr\u00e1tico e eficaz. Suas 4 linhas verticais e 1 horizontal permitem que o usu\u00e1rio trabalhe em v\u00e1rias superf\u00edcies de uma s\u00f3 vez, sem ter que reposicionar...","og_url":"https:\/\/casadomarceneiroavare.com.br\/site\/produto\/stanley-nivel-laser-4v1h-stht77512-la\/","og_site_name":"Casa do Marceneiro - Home Center","article_modified_time":"2019-09-23T14:06:35+00:00","og_image":[{"width":450,"height":450,"url":"https:\/\/casadomarceneiroavare.com.br\/site\/wp-content\/uploads\/2019\/09\/STHT77512-LA.jpg","type":"image\/jpeg"}],"twitter_card":"summary_large_image","twitter_misc":{"Est. tempo de leitura":"1 minuto"},"schema":{"@context":"https:\/\/schema.org","@graph":[{"@type":"WebPage","@id":"https:\/\/casadomarceneiroavare.com.br\/site\/produto\/stanley-nivel-laser-4v1h-stht77512-la\/","url":"https:\/\/casadomarceneiroavare.com.br\/site\/produto\/stanley-nivel-laser-4v1h-stht77512-la\/","name":"STANLEY N\u00cdVEL LASER 4V1H STHT77512 - LA - Casa do Marceneiro - Home Center","isPartOf":{"@id":"https:\/\/casadomarceneiroavare.com.br\/site\/#website"},"datePublished":"2019-09-23T14:06:34+00:00","dateModified":"2019-09-23T14:06:35+00:00","breadcrumb":{"@id":"https:\/\/casadomarceneiroavare.com.br\/site\/produto\/stanley-nivel-laser-4v1h-stht77512-la\/#breadcrumb"},"inLanguage":"pt-BR","potentialAction":[{"@type":"ReadAction","target":["https:\/\/casadomarceneiroavare.com.br\/site\/produto\/stanley-nivel-laser-4v1h-stht77512-la\/"]}]},{"@type":"BreadcrumbList","@id":"https:\/\/casadomarceneiroavare.com.br\/site\/produto\/stanley-nivel-laser-4v1h-stht77512-la\/#breadcrumb","itemListElement":[{"@type":"ListItem","position":1,"name":"Home","item":"https:\/\/casadomarceneiroavare.com.br\/site\/"},{"@type":"ListItem","position":2,"name":"Conhe\u00e7a nossos Produtos","item":"https:\/\/casadomarceneiroavare.com.br\/site\/shop\/"},{"@type":"ListItem","position":3,"name":"STANLEY N\u00cdVEL LASER 4V1H STHT77512 &#8211; LA"}]},{"@type":"WebSite","@id":"https:\/\/casadomarceneiroavare.com.br\/site\/#website","url":"https:\/\/casadomarceneiroavare.com.br\/site\/","name":"Casa do Marceneiro - Home Center","description":"Venha Conhecer o Maior Home Center da Regi\u00e3o, a Loja pra Fam\u00edlia toda","potentialAction":[{"@type":"SearchAction","target":{"@type":"EntryPoint","urlTemplate":"https:\/\/casadomarceneiroavare.com.br\/site\/?s={search_term_string}"},"query-input":"required name=search_term_string"}],"inLanguage":"pt-BR"}]}},"_links":{"self":[{"href":"https:\/\/casadomarceneiroavare.com.br\/site\/wp-json\/wp\/v2\/product\/5029"}],"collection":[{"href":"https:\/\/casadomarceneiroavare.com.br\/site\/wp-json\/wp\/v2\/product"}],"about":[{"href":"https:\/\/casadomarceneiroavare.com.br\/site\/wp-json\/wp\/v2\/types\/product"}],"replies":[{"embeddable":true,"href":"https:\/\/casadomarceneiroavare.com.br\/site\/wp-json\/wp\/v2\/comments?post=5029"}],"wp:featuredmedia":[{"embeddable":true,"href":"https:\/\/casadomarceneiroavare.com.br\/site\/wp-json\/wp\/v2\/media\/5030"}],"wp:attachment":[{"href":"https:\/\/casadomarceneiroavare.com.br\/site\/wp-json\/wp\/v2\/media?parent=5029"}],"curies":[{"name":"wp","href":"https:\/\/api.w.org\/{rel}","templated":true}]}}