{"id":4662,"date":"2019-07-12T17:25:47","date_gmt":"2019-07-12T19:25:47","guid":{"rendered":"http:\/\/www.casadomarceneiroavare.com.br\/loja\/?post_type=product&#038;p=4662"},"modified":"2019-07-12T17:25:47","modified_gmt":"2019-07-12T19:25:47","slug":"corredica-telesc-fgv-oculta-slowmotion-et","status":"publish","type":"product","link":"https:\/\/casadomarceneiroavare.com.br\/site\/produto\/corredica-telesc-fgv-oculta-slowmotion-et\/","title":{"rendered":"CORREDI\u00c7A TELESC. FGV OCULTA SLOWMOTION ET"},"content":{"rendered":"<div><strong>Corredi\u00e7a\u00a0<\/strong><strong>FGVTN\u00a0<\/strong><strong>Oculta Slowmotion ET<\/strong><\/div>\n<div><\/div>\n<div><strong>Descri\u00e7\u00e3o:<\/strong>\u00a0Corredi\u00e7a oculta de extra\u00e7\u00e3o total com sistema\u00a0<em>Slowmotion\u00a0<\/em>para fechamento suave de gavetas.<\/div>\n<div><strong>Material:<\/strong>\u00a0Perfis em a\u00e7o e componentes de montagem em pl\u00e1stico resistente<\/div>\n<div><strong>Acabamento:<\/strong>\u00a0Zincado<\/div>\n<div><strong>Observa\u00e7\u00f5es:\u00a0<\/strong>Acompanha uma Instru\u00e7\u00e3o de Montagem por caixa.<\/div>\n<div><\/div>\n<div>TAMANHOS DISPON\u00cdVEIS : 350 MM , 400 MM , 450 MM , 500 MM .<\/div>\n<div><\/div>\n<div>\n<div><strong>Recomenda\u00e7\u00f5es de uso:\u00a0<\/strong><\/div>\n<div>\u2022 Pode ser utilizada em arm\u00e1rios de cozinhas, escrit\u00f3rios, closets, quartos, banheiros, lavanderias ou m\u00f3veis em geral.<\/div>\n<div>\n<div><\/div>\n<div>\n<div><strong>Benef\u00edcios:<\/strong><\/div>\n<\/div>\n<\/div>\n<div>\u2022 F\u00e1cil instala\u00e7\u00e3o<\/div>\n<div>\u2022 Variedade de dimens\u00f5es<\/div>\n<div>\u2022 Extra\u00e7\u00e3o total da gaveta<\/div>\n<div>\u2022 Sistema de amortecimento no fechamento da gaveta, evitando pancadas e ru\u00eddos indesej\u00e1veis.<\/div>\n<\/div>\n","protected":false},"excerpt":{"rendered":"<p>Corredi\u00e7a\u00a0FGVTN\u00a0Oculta Slowmotion ET Descri\u00e7\u00e3o:\u00a0Corredi\u00e7a oculta de extra\u00e7\u00e3o total com sistema\u00a0Slowmotion\u00a0para fechamento suave de gavetas. Material:\u00a0Perfis em a\u00e7o e componentes de montagem em pl\u00e1stico resistente Acabamento:\u00a0Zincado Observa\u00e7\u00f5es:\u00a0Acompanha uma Instru\u00e7\u00e3o de Montagem por caixa. TAMANHOS DISPON\u00cdVEIS : 350 MM , 400 MM , 450 MM , 500 MM . Recomenda\u00e7\u00f5es de uso:\u00a0 \u2022 Pode ser utilizada em&#8230;<\/p>\n","protected":false},"featured_media":4663,"comment_status":"open","ping_status":"closed","template":"","meta":{"inline_featured_image":false},"yoast_head":"<!-- This site is optimized with the Yoast SEO plugin v21.7 - https:\/\/yoast.com\/wordpress\/plugins\/seo\/ -->\n<title>CORREDI\u00c7A TELESC. FGV OCULTA SLOWMOTION ET - Casa do Marceneiro - Home Center<\/title>\n<meta name=\"robots\" content=\"index, follow, max-snippet:-1, max-image-preview:large, max-video-preview:-1\" \/>\n<link rel=\"canonical\" href=\"https:\/\/casadomarceneiroavare.com.br\/site\/produto\/corredica-telesc-fgv-oculta-slowmotion-et\/\" \/>\n<meta property=\"og:locale\" content=\"pt_BR\" \/>\n<meta property=\"og:type\" content=\"article\" \/>\n<meta property=\"og:title\" content=\"CORREDI\u00c7A TELESC. FGV OCULTA SLOWMOTION ET - Casa do Marceneiro - Home Center\" \/>\n<meta property=\"og:description\" content=\"Corredi\u00e7a\u00a0FGVTN\u00a0Oculta Slowmotion ET Descri\u00e7\u00e3o:\u00a0Corredi\u00e7a oculta de extra\u00e7\u00e3o total com sistema\u00a0Slowmotion\u00a0para fechamento suave de gavetas. Material:\u00a0Perfis em a\u00e7o e componentes de montagem em pl\u00e1stico resistente Acabamento:\u00a0Zincado Observa\u00e7\u00f5es:\u00a0Acompanha uma Instru\u00e7\u00e3o de Montagem por caixa. TAMANHOS DISPON\u00cdVEIS : 350 MM , 400 MM , 450 MM , 500 MM . Recomenda\u00e7\u00f5es de uso:\u00a0 \u2022 Pode ser utilizada em...\" \/>\n<meta property=\"og:url\" content=\"https:\/\/casadomarceneiroavare.com.br\/site\/produto\/corredica-telesc-fgv-oculta-slowmotion-et\/\" \/>\n<meta property=\"og:site_name\" content=\"Casa do Marceneiro - Home Center\" \/>\n<meta property=\"og:image\" content=\"https:\/\/casadomarceneiroavare.com.br\/site\/wp-content\/uploads\/2019\/07\/corredi\u00e7a-fgv-oculta-slow-ET.jpg\" \/>\n\t<meta property=\"og:image:width\" content=\"537\" \/>\n\t<meta property=\"og:image:height\" content=\"537\" \/>\n\t<meta property=\"og:image:type\" content=\"image\/jpeg\" \/>\n<meta name=\"twitter:card\" content=\"summary_large_image\" \/>\n<meta name=\"twitter:label1\" content=\"Est. tempo de leitura\" \/>\n\t<meta name=\"twitter:data1\" content=\"1 minuto\" \/>\n<script type=\"application\/ld+json\" class=\"yoast-schema-graph\">{\"@context\":\"https:\/\/schema.org\",\"@graph\":[{\"@type\":\"WebPage\",\"@id\":\"https:\/\/casadomarceneiroavare.com.br\/site\/produto\/corredica-telesc-fgv-oculta-slowmotion-et\/\",\"url\":\"https:\/\/casadomarceneiroavare.com.br\/site\/produto\/corredica-telesc-fgv-oculta-slowmotion-et\/\",\"name\":\"CORREDI\u00c7A TELESC. FGV OCULTA SLOWMOTION ET - Casa do Marceneiro - Home Center\",\"isPartOf\":{\"@id\":\"https:\/\/casadomarceneiroavare.com.br\/site\/#website\"},\"datePublished\":\"2019-07-12T19:25:47+00:00\",\"dateModified\":\"2019-07-12T19:25:47+00:00\",\"breadcrumb\":{\"@id\":\"https:\/\/casadomarceneiroavare.com.br\/site\/produto\/corredica-telesc-fgv-oculta-slowmotion-et\/#breadcrumb\"},\"inLanguage\":\"pt-BR\",\"potentialAction\":[{\"@type\":\"ReadAction\",\"target\":[\"https:\/\/casadomarceneiroavare.com.br\/site\/produto\/corredica-telesc-fgv-oculta-slowmotion-et\/\"]}]},{\"@type\":\"BreadcrumbList\",\"@id\":\"https:\/\/casadomarceneiroavare.com.br\/site\/produto\/corredica-telesc-fgv-oculta-slowmotion-et\/#breadcrumb\",\"itemListElement\":[{\"@type\":\"ListItem\",\"position\":1,\"name\":\"Home\",\"item\":\"https:\/\/casadomarceneiroavare.com.br\/site\/\"},{\"@type\":\"ListItem\",\"position\":2,\"name\":\"Conhe\u00e7a nossos Produtos\",\"item\":\"https:\/\/casadomarceneiroavare.com.br\/site\/shop\/\"},{\"@type\":\"ListItem\",\"position\":3,\"name\":\"CORREDI\u00c7A TELESC. FGV OCULTA SLOWMOTION ET\"}]},{\"@type\":\"WebSite\",\"@id\":\"https:\/\/casadomarceneiroavare.com.br\/site\/#website\",\"url\":\"https:\/\/casadomarceneiroavare.com.br\/site\/\",\"name\":\"Casa do Marceneiro - Home Center\",\"description\":\"Venha Conhecer o Maior Home Center da Regi\u00e3o, a Loja pra Fam\u00edlia toda\",\"potentialAction\":[{\"@type\":\"SearchAction\",\"target\":{\"@type\":\"EntryPoint\",\"urlTemplate\":\"https:\/\/casadomarceneiroavare.com.br\/site\/?s={search_term_string}\"},\"query-input\":\"required name=search_term_string\"}],\"inLanguage\":\"pt-BR\"}]}<\/script>\n<!-- \/ Yoast SEO plugin. -->","yoast_head_json":{"title":"CORREDI\u00c7A TELESC. FGV OCULTA SLOWMOTION ET - Casa do Marceneiro - Home Center","robots":{"index":"index","follow":"follow","max-snippet":"max-snippet:-1","max-image-preview":"max-image-preview:large","max-video-preview":"max-video-preview:-1"},"canonical":"https:\/\/casadomarceneiroavare.com.br\/site\/produto\/corredica-telesc-fgv-oculta-slowmotion-et\/","og_locale":"pt_BR","og_type":"article","og_title":"CORREDI\u00c7A TELESC. FGV OCULTA SLOWMOTION ET - Casa do Marceneiro - Home Center","og_description":"Corredi\u00e7a\u00a0FGVTN\u00a0Oculta Slowmotion ET Descri\u00e7\u00e3o:\u00a0Corredi\u00e7a oculta de extra\u00e7\u00e3o total com sistema\u00a0Slowmotion\u00a0para fechamento suave de gavetas. Material:\u00a0Perfis em a\u00e7o e componentes de montagem em pl\u00e1stico resistente Acabamento:\u00a0Zincado Observa\u00e7\u00f5es:\u00a0Acompanha uma Instru\u00e7\u00e3o de Montagem por caixa. TAMANHOS DISPON\u00cdVEIS : 350 MM , 400 MM , 450 MM , 500 MM . Recomenda\u00e7\u00f5es de uso:\u00a0 \u2022 Pode ser utilizada em...","og_url":"https:\/\/casadomarceneiroavare.com.br\/site\/produto\/corredica-telesc-fgv-oculta-slowmotion-et\/","og_site_name":"Casa do Marceneiro - Home Center","og_image":[{"width":537,"height":537,"url":"https:\/\/casadomarceneiroavare.com.br\/site\/wp-content\/uploads\/2019\/07\/corredi\u00e7a-fgv-oculta-slow-ET.jpg","type":"image\/jpeg"}],"twitter_card":"summary_large_image","twitter_misc":{"Est. tempo de leitura":"1 minuto"},"schema":{"@context":"https:\/\/schema.org","@graph":[{"@type":"WebPage","@id":"https:\/\/casadomarceneiroavare.com.br\/site\/produto\/corredica-telesc-fgv-oculta-slowmotion-et\/","url":"https:\/\/casadomarceneiroavare.com.br\/site\/produto\/corredica-telesc-fgv-oculta-slowmotion-et\/","name":"CORREDI\u00c7A TELESC. FGV OCULTA SLOWMOTION ET - Casa do Marceneiro - Home Center","isPartOf":{"@id":"https:\/\/casadomarceneiroavare.com.br\/site\/#website"},"datePublished":"2019-07-12T19:25:47+00:00","dateModified":"2019-07-12T19:25:47+00:00","breadcrumb":{"@id":"https:\/\/casadomarceneiroavare.com.br\/site\/produto\/corredica-telesc-fgv-oculta-slowmotion-et\/#breadcrumb"},"inLanguage":"pt-BR","potentialAction":[{"@type":"ReadAction","target":["https:\/\/casadomarceneiroavare.com.br\/site\/produto\/corredica-telesc-fgv-oculta-slowmotion-et\/"]}]},{"@type":"BreadcrumbList","@id":"https:\/\/casadomarceneiroavare.com.br\/site\/produto\/corredica-telesc-fgv-oculta-slowmotion-et\/#breadcrumb","itemListElement":[{"@type":"ListItem","position":1,"name":"Home","item":"https:\/\/casadomarceneiroavare.com.br\/site\/"},{"@type":"ListItem","position":2,"name":"Conhe\u00e7a nossos Produtos","item":"https:\/\/casadomarceneiroavare.com.br\/site\/shop\/"},{"@type":"ListItem","position":3,"name":"CORREDI\u00c7A TELESC. FGV OCULTA SLOWMOTION ET"}]},{"@type":"WebSite","@id":"https:\/\/casadomarceneiroavare.com.br\/site\/#website","url":"https:\/\/casadomarceneiroavare.com.br\/site\/","name":"Casa do Marceneiro - Home Center","description":"Venha Conhecer o Maior Home Center da Regi\u00e3o, a Loja pra Fam\u00edlia toda","potentialAction":[{"@type":"SearchAction","target":{"@type":"EntryPoint","urlTemplate":"https:\/\/casadomarceneiroavare.com.br\/site\/?s={search_term_string}"},"query-input":"required name=search_term_string"}],"inLanguage":"pt-BR"}]}},"_links":{"self":[{"href":"https:\/\/casadomarceneiroavare.com.br\/site\/wp-json\/wp\/v2\/product\/4662"}],"collection":[{"href":"https:\/\/casadomarceneiroavare.com.br\/site\/wp-json\/wp\/v2\/product"}],"about":[{"href":"https:\/\/casadomarceneiroavare.com.br\/site\/wp-json\/wp\/v2\/types\/product"}],"replies":[{"embeddable":true,"href":"https:\/\/casadomarceneiroavare.com.br\/site\/wp-json\/wp\/v2\/comments?post=4662"}],"wp:featuredmedia":[{"embeddable":true,"href":"https:\/\/casadomarceneiroavare.com.br\/site\/wp-json\/wp\/v2\/media\/4663"}],"wp:attachment":[{"href":"https:\/\/casadomarceneiroavare.com.br\/site\/wp-json\/wp\/v2\/media?parent=4662"}],"curies":[{"name":"wp","href":"https:\/\/api.w.org\/{rel}","templated":true}]}}